{"id":3148,"date":"2021-05-05T13:24:54","date_gmt":"2021-05-05T11:24:54","guid":{"rendered":"https:\/\/espacios.adeituv.es\/wp-content\/uploads\/Mar\u00eda-Emilia-Ad\u00e1n_XXIV-Premios-US.jpg"},"modified":"2021-05-05T13:24:54","modified_gmt":"2021-05-05T11:24:54","slug":"maria-emilia-adan_xxiv-premios-us-2","status":"inherit","type":"attachment","link":"https:\/\/espacios.adeituv.es\/en\/maria-emilia-adan_xxiv-premios-us-2\/","title":{"rendered":"Mar\u00eda Emilia Ad\u00e1n_XXIV Premios US"},"author":4,"featured_media":0,"comment_status":"closed","ping_status":"open","template":"","meta":{"_acf_changed":false},"class_list":["post-3148","attachment","type-attachment","status-inherit"],"acf":[],"description":{"rendered":"<p class=\"attachment\"><a href='https:\/\/espacios.adeituv.es\/wp-content\/uploads\/Mar\u00eda-Emilia-Ad\u00e1n_XXIV-Premios-US.jpg'><img fetchpriority=\"high\" decoding=\"async\" width=\"300\" height=\"193\" src=\"https:\/\/espacios.adeituv.es\/wp-content\/uploads\/Mar\u00eda-Emilia-Ad\u00e1n_XXIV-Premios-US-300x193.jpg\" class=\"attachment-medium size-medium\" alt=\"\" srcset=\"https:\/\/espacios.adeituv.es\/wp-content\/uploads\/Mar\u00eda-Emilia-Ad\u00e1n_XXIV-Premios-US-300x193.jpg 300w, https:\/\/espacios.adeituv.es\/wp-content\/uploads\/Mar\u00eda-Emilia-Ad\u00e1n_XXIV-Premios-US-768x495.jpg 768w, https:\/\/espacios.adeituv.es\/wp-content\/uploads\/Mar\u00eda-Emilia-Ad\u00e1n_XXIV-Premios-US-1024x660.jpg 1024w\" sizes=\"(max-width: 300px) 100vw, 300px\" \/><\/a><\/p>\n"},"caption":{"rendered":""},"alt_text":"","media_type":"image","mime_type":"image\/jpeg","media_details":{"width":6000,"height":3868,"file":"Mar\u00eda-Emilia-Ad\u00e1n_XXIV-Premios-US.jpg","sizes":{"thumbnail":{"file":"Mar\u00eda-Emilia-Ad\u00e1n_XXIV-Premios-US-150x150.jpg","width":150,"height":150,"mime_type":"image\/jpeg","source_url":"https:\/\/espacios.adeituv.es\/wp-content\/uploads\/Mar\u00eda-Emilia-Ad\u00e1n_XXIV-Premios-US-150x150.jpg"},"medium":{"file":"Mar\u00eda-Emilia-Ad\u00e1n_XXIV-Premios-US-300x193.jpg","width":300,"height":193,"mime_type":"image\/jpeg","source_url":"https:\/\/espacios.adeituv.es\/wp-content\/uploads\/Mar\u00eda-Emilia-Ad\u00e1n_XXIV-Premios-US-300x193.jpg"},"medium_large":{"file":"Mar\u00eda-Emilia-Ad\u00e1n_XXIV-Premios-US-768x495.jpg","width":768,"height":495,"mime_type":"image\/jpeg","source_url":"https:\/\/espacios.adeituv.es\/wp-content\/uploads\/Mar\u00eda-Emilia-Ad\u00e1n_XXIV-Premios-US-768x495.jpg"},"large":{"file":"Mar\u00eda-Emilia-Ad\u00e1n_XXIV-Premios-US-1024x660.jpg","width":1024,"height":660,"mime_type":"image\/jpeg","source_url":"https:\/\/espacios.adeituv.es\/wp-content\/uploads\/Mar\u00eda-Emilia-Ad\u00e1n_XXIV-Premios-US-1024x660.jpg"},"portfolio-thumb_large":{"file":"Mar\u00eda-Emilia-Ad\u00e1n_XXIV-Premios-US-900x604.jpg","width":900,"height":604,"mime_type":"image\/jpeg","source_url":"https:\/\/espacios.adeituv.es\/wp-content\/uploads\/Mar\u00eda-Emilia-Ad\u00e1n_XXIV-Premios-US-900x604.jpg"},"portfolio-thumb":{"file":"Mar\u00eda-Emilia-Ad\u00e1n_XXIV-Premios-US-600x403.jpg","width":600,"height":403,"mime_type":"image\/jpeg","source_url":"https:\/\/espacios.adeituv.es\/wp-content\/uploads\/Mar\u00eda-Emilia-Ad\u00e1n_XXIV-Premios-US-600x403.jpg"},"portfolio-thumb_small":{"file":"Mar\u00eda-Emilia-Ad\u00e1n_XXIV-Premios-US-400x269.jpg","width":400,"height":269,"mime_type":"image\/jpeg","source_url":"https:\/\/espacios.adeituv.es\/wp-content\/uploads\/Mar\u00eda-Emilia-Ad\u00e1n_XXIV-Premios-US-400x269.jpg"},"portfolio-widget":{"file":"Mar\u00eda-Emilia-Ad\u00e1n_XXIV-Premios-US-100x100.jpg","width":100,"height":100,"mime_type":"image\/jpeg","source_url":"https:\/\/espacios.adeituv.es\/wp-content\/uploads\/Mar\u00eda-Emilia-Ad\u00e1n_XXIV-Premios-US-100x100.jpg"},"nectar_small_square":{"file":"Mar\u00eda-Emilia-Ad\u00e1n_XXIV-Premios-US-140x140.jpg","width":140,"height":140,"mime_type":"image\/jpeg","source_url":"https:\/\/espacios.adeituv.es\/wp-content\/uploads\/Mar\u00eda-Emilia-Ad\u00e1n_XXIV-Premios-US-140x140.jpg"},"wide":{"file":"Mar\u00eda-Emilia-Ad\u00e1n_XXIV-Premios-US-1000x500.jpg","width":1000,"height":500,"mime_type":"image\/jpeg","source_url":"https:\/\/espacios.adeituv.es\/wp-content\/uploads\/Mar\u00eda-Emilia-Ad\u00e1n_XXIV-Premios-US-1000x500.jpg"},"wide_small":{"file":"Mar\u00eda-Emilia-Ad\u00e1n_XXIV-Premios-US-670x335.jpg","width":670,"height":335,"mime_type":"image\/jpeg","source_url":"https:\/\/espacios.adeituv.es\/wp-content\/uploads\/Mar\u00eda-Emilia-Ad\u00e1n_XXIV-Premios-US-670x335.jpg"},"regular":{"file":"Mar\u00eda-Emilia-Ad\u00e1n_XXIV-Premios-US-500x500.jpg","width":500,"height":500,"mime_type":"image\/jpeg","source_url":"https:\/\/espacios.adeituv.es\/wp-content\/uploads\/Mar\u00eda-Emilia-Ad\u00e1n_XXIV-Premios-US-500x500.jpg"},"regular_small":{"file":"Mar\u00eda-Emilia-Ad\u00e1n_XXIV-Premios-US-350x350.jpg","width":350,"height":350,"mime_type":"image\/jpeg","source_url":"https:\/\/espacios.adeituv.es\/wp-content\/uploads\/Mar\u00eda-Emilia-Ad\u00e1n_XXIV-Premios-US-350x350.jpg"},"tall":{"file":"Mar\u00eda-Emilia-Ad\u00e1n_XXIV-Premios-US-500x1000.jpg","width":500,"height":1000,"mime_type":"image\/jpeg","source_url":"https:\/\/espacios.adeituv.es\/wp-content\/uploads\/Mar\u00eda-Emilia-Ad\u00e1n_XXIV-Premios-US-500x1000.jpg"},"wide_tall":{"file":"Mar\u00eda-Emilia-Ad\u00e1n_XXIV-Premios-US-1000x1000.jpg","width":1000,"height":1000,"mime_type":"image\/jpeg","source_url":"https:\/\/espacios.adeituv.es\/wp-content\/uploads\/Mar\u00eda-Emilia-Ad\u00e1n_XXIV-Premios-US-1000x1000.jpg"},"wide_photography":{"file":"Mar\u00eda-Emilia-Ad\u00e1n_XXIV-Premios-US-900x600.jpg","width":900,"height":600,"mime_type":"image\/jpeg","source_url":"https:\/\/espacios.adeituv.es\/wp-content\/uploads\/Mar\u00eda-Emilia-Ad\u00e1n_XXIV-Premios-US-900x600.jpg"},"large_featured":{"file":"Mar\u00eda-Emilia-Ad\u00e1n_XXIV-Premios-US-1700x700.jpg","width":1700,"height":700,"mime_type":"image\/jpeg","source_url":"https:\/\/espacios.adeituv.es\/wp-content\/uploads\/Mar\u00eda-Emilia-Ad\u00e1n_XXIV-Premios-US-1700x700.jpg"},"medium_featured":{"file":"Mar\u00eda-Emilia-Ad\u00e1n_XXIV-Premios-US-800x800.jpg","width":800,"height":800,"mime_type":"image\/jpeg","source_url":"https:\/\/espacios.adeituv.es\/wp-content\/uploads\/Mar\u00eda-Emilia-Ad\u00e1n_XXIV-Premios-US-800x800.jpg"},"full":{"file":"Mar\u00eda-Emilia-Ad\u00e1n_XXIV-Premios-US.jpg","width":6000,"height":3868,"mime_type":"image\/jpeg","source_url":"https:\/\/espacios.adeituv.es\/wp-content\/uploads\/Mar\u00eda-Emilia-Ad\u00e1n_XXIV-Premios-US.jpg"}},"image_meta":{"aperture":"5","credit":"JOSE JORDAN","camera":"NIKON Z 6","caption":"","created_timestamp":"1620039892","copyright":"JOSE JORDAN","focal_length":"42","iso":"2000","shutter_speed":"0.008","title":"","orientation":"1","keywords":[]}},"post":null,"source_url":"https:\/\/espacios.adeituv.es\/wp-content\/uploads\/Mar\u00eda-Emilia-Ad\u00e1n_XXIV-Premios-US.jpg","_links":{"self":[{"href":"https:\/\/espacios.adeituv.es\/en\/wp-json\/wp\/v2\/media\/3148","targetHints":{"allow":["GET"]}}],"collection":[{"href":"https:\/\/espacios.adeituv.es\/en\/wp-json\/wp\/v2\/media"}],"about":[{"href":"https:\/\/espacios.adeituv.es\/en\/wp-json\/wp\/v2\/types\/attachment"}],"author":[{"embeddable":true,"href":"https:\/\/espacios.adeituv.es\/en\/wp-json\/wp\/v2\/users\/4"}]}}

https://espacios.adeituv.es/wp-content/uploads/María-Emilia-Adán_XXIV-Premios-US.jpg

María Emilia Adán_XXIV Premios US

<p class="attachment"><a href='https://espacios.adeituv.es/wp-content/uploads/María-Emilia-Adán_XXIV-Premios-US.jpg'><img fetchpriority="high" decoding="async" width="300" height="193" src="https://espacios.adeituv.es/wp-content/uploads/María-Emilia-Adán_XXIV-Premios-US-300x193.jpg" class="attachment-medium size-medium" alt="" srcset="https://espacios.adeituv.es/wp-content/uploads/María-Emilia-Adán_XXIV-Premios-US-300x193.jpg 300w, https://espacios.adeituv.es/wp-content/uploads/María-Emilia-Adán_XXIV-Premios-US-768x495.jpg 768w, https://espacios.adeituv.es/wp-content/uploads/María-Emilia-Adán_XXIV-Premios-US-1024x660.jpg 1024w" sizes="(max-width: 300px) 100vw, 300px" /></a></p>

María-Emilia-Adán_XXIV-Premios-US.jpg

María-Emilia-Adán_XXIV-Premios-US-150x150.jpg

https://espacios.adeituv.es/wp-content/uploads/María-Emilia-Adán_XXIV-Premios-US-150x150.jpg

María-Emilia-Adán_XXIV-Premios-US-300x193.jpg

https://espacios.adeituv.es/wp-content/uploads/María-Emilia-Adán_XXIV-Premios-US-300x193.jpg

María-Emilia-Adán_XXIV-Premios-US-768x495.jpg

https://espacios.adeituv.es/wp-content/uploads/María-Emilia-Adán_XXIV-Premios-US-768x495.jpg

María-Emilia-Adán_XXIV-Premios-US-1024x660.jpg

https://espacios.adeituv.es/wp-content/uploads/María-Emilia-Adán_XXIV-Premios-US-1024x660.jpg

María-Emilia-Adán_XXIV-Premios-US-900x604.jpg

https://espacios.adeituv.es/wp-content/uploads/María-Emilia-Adán_XXIV-Premios-US-900x604.jpg

María-Emilia-Adán_XXIV-Premios-US-600x403.jpg

https://espacios.adeituv.es/wp-content/uploads/María-Emilia-Adán_XXIV-Premios-US-600x403.jpg

María-Emilia-Adán_XXIV-Premios-US-400x269.jpg

https://espacios.adeituv.es/wp-content/uploads/María-Emilia-Adán_XXIV-Premios-US-400x269.jpg

María-Emilia-Adán_XXIV-Premios-US-100x100.jpg

https://espacios.adeituv.es/wp-content/uploads/María-Emilia-Adán_XXIV-Premios-US-100x100.jpg

María-Emilia-Adán_XXIV-Premios-US-140x140.jpg

https://espacios.adeituv.es/wp-content/uploads/María-Emilia-Adán_XXIV-Premios-US-140x140.jpg

María-Emilia-Adán_XXIV-Premios-US-1000x500.jpg

https://espacios.adeituv.es/wp-content/uploads/María-Emilia-Adán_XXIV-Premios-US-1000x500.jpg

María-Emilia-Adán_XXIV-Premios-US-670x335.jpg

https://espacios.adeituv.es/wp-content/uploads/María-Emilia-Adán_XXIV-Premios-US-670x335.jpg

María-Emilia-Adán_XXIV-Premios-US-500x500.jpg

https://espacios.adeituv.es/wp-content/uploads/María-Emilia-Adán_XXIV-Premios-US-500x500.jpg

María-Emilia-Adán_XXIV-Premios-US-350x350.jpg

https://espacios.adeituv.es/wp-content/uploads/María-Emilia-Adán_XXIV-Premios-US-350x350.jpg

María-Emilia-Adán_XXIV-Premios-US-500x1000.jpg

https://espacios.adeituv.es/wp-content/uploads/María-Emilia-Adán_XXIV-Premios-US-500x1000.jpg

María-Emilia-Adán_XXIV-Premios-US-1000x1000.jpg

https://espacios.adeituv.es/wp-content/uploads/María-Emilia-Adán_XXIV-Premios-US-1000x1000.jpg

María-Emilia-Adán_XXIV-Premios-US-900x600.jpg

https://espacios.adeituv.es/wp-content/uploads/María-Emilia-Adán_XXIV-Premios-US-900x600.jpg

María-Emilia-Adán_XXIV-Premios-US-1700x700.jpg

https://espacios.adeituv.es/wp-content/uploads/María-Emilia-Adán_XXIV-Premios-US-1700x700.jpg

María-Emilia-Adán_XXIV-Premios-US-800x800.jpg

https://espacios.adeituv.es/wp-content/uploads/María-Emilia-Adán_XXIV-Premios-US-800x800.jpg
